ert 50 (base 8) to base 16.
28
What is 104 (base 7) in base 5?
203
c5 (base 16) to base 6
525
3 (base 13) to base 10
3
-6 (base 13) to base 12
-6
2111 (base 3) to base 8
103
Convert 45 (base 8) to base 16.
25
Convert 103 (base 4) to base 12.
17
What is -11 (base 10) in base 14?
-b
What is -33 (base 10) in base 8?
-41
Convert -20 (base 16) to base 3.
-1012
Convert -19 (base 11) to base 9.
-22
-a6 (base 12) to base 7
-240
-64 (base 15) to base 11
-86
-123 (base 5) to base 9
-42
Convert 33 (base 9) to base 14.
22
23 (base 7) to base 3
122
Convert 4 (base 7) to base 12.
4
Convert 14 (base 12) to base 16.
10
What is 533 (base 8) in base 16?
15b
13 (base 4) to base 12
7
0 (base 15) to base 5
0
Convert -49 (base 10) to base 11.
-45
What is -10101 (base 2) in base 11?
-1a
-10 (base 9) to base 4
-21
Convert 1 (base 7) to base 10.
1
Convert 2 (base 11) to base 2.
10
Convert -433 (base 7) to base 6.
-1004
Convert 1b (base 14) to base 4.
121
Convert 4 (base 6) to base 15.
4
What is -34 (base 13) in base 4?
-223
-341 (base 10) to base 4
-11111
Convert 5 (base 15) to base 14.
5
-304 (base 5) to base 4
-1033
20 (base 6) to base 7
15
Convert -55 (base 13) to base 7.
-130
-138 (base 12) to base 2
-10111100
What is 4 (base 13) in base 12?
4
4 (base 15) to base 3
11
-3 (base 4) to base 12
-3
Convert -2 (base 11) to base 16.
-2
Convert -89 (base 10) to base 3.
-10022
Convert -111 (base 7) to base 9.
-63
Convert -1 (base 14) to base 5.
-1
Convert 28 (base 15) to base 9.
42
3 (base 13) to base 6
3
What is 1 (base 11) in base 7?
1
0 (base 7) to base 10
0
What is -1 (base 4) in base 7?
-1
-8 (base 15) to base 3
-22
What is 1111 (base 2) in base 10?
15
29 (base 15) to base 3
1110
Convert -1 (base 6) to base 14.
-1
What is 28 (base 10) in base 13?
22
What is 23 (base 5) in base 11?
12
-2 (base 15) to base 5
-2
What is -1001 (base 2) in base 3?
-100
What is 6 (base 16) in base 5?
11
Convert -14 (base 14) to base 5.
-33
What is -4 (base 9) in base 14?
-4
What is -75 (base 16) in base 2?
-1110101
Convert -22 (base 8) to base 14.
-14
Convert 0 (base 4) to base 2.
0
c (base 15) to base 8
14
What is -1101 (base 2) in base 5?
-23
-3033 (base 4) to base 9
-250
What is -23 (base 7) in base 2?
-10001
2 (base 4) to base 14
2
34 (base 12) to base 2
101000
-1 (base 11) to base 16
-1
What is 34 (base 5) in base 16?
13
What is 2 (base 14) in base 3?
2
13 (base 7) to base 2
1010
-73 (base 9) to base 11
-60
Convert 100 (base 3) to base 14.
9
What is -26 (base 10) in base 13?
-20
105 (base 9) to base 10
86
What is -25 (base 9) in base 12?
-1b
What is -9 (base 16) in base 15?
-9
Convert -7 (base 8) to base 15.
-7
-10 (base 2) to base 12
-2
-3 (base 15) to base 16
-3
What is 1 (base 6) in base 5?
1
What is 110 (base 3) in base 2?
1100
Convert -2 (base 10) to base 5.
-2
1011 (base 2) to base 16
b
-7 (base 13) to base 15
-7
Convert 3 (base 11) to base 10.
3
7 (base 12) to base 16
7
-11 (base 7) to base 8
-10
Convert 4 (base 6) to base 16.
4
What is 23 (base 7) in base 16?
11
-4 (base 13) to base 6
-4
What is -2 (base 11) in base 8?
-2
What is -3 (base 11) in base 4?
-3
-2 (base 11) to base 10
-2
-3 (base 7) to base 11
-3
Convert 2 (base 12) to base 14.
2
-4 (base 7) to base 12
-4
Convert -10001 (base 2) to base 10.
-17
101 (base 5) to base 7
35
Convert 1 (base 16) to base 15.
1
6 (base 7) to base 6
10
-1a (base 16) to base 6
-42
Convert -8 (base 10) to base 12.
-8
What is -1cc (base 13) in base 5?
-2322
10 (base 16) to base 3
121
Convert 1b (base 12) to base 6.
35
What is -1000 (base 2) in base 5?
-13
What is -32 (base 11) in base 5?
-120
Convert 43 (base 5) to base 3.
212
What is -355 (base 6) in base 13?
-b0
Convert 111 (base 3) to base 14.
d
What is 47 (base 12) in base 9?
61
4 (base 11) to base 9
4
What is -14 (base 6) in base 10?
-10
Convert -5 (base 16) to base 12.
-5
35 (base 7) to base 8
32
What is -1 (base 9) in base 13?
-1
Convert 2240 (base 5) to base 16.
140
What is -2 (base 3) in base 4?
-2
Convert 27 (base 9) to base 7.
34
Convert 1 (base 16) to base 15.
1
b (base 16) to base 4
23
Convert -1 (base 16) to base 7.
-1
What is -4 (base 14) in base 16?
-4
What is -31 (base 9) in base 2?
-11100
Convert -2 (base 5) to base 2.
-10
106 (base 10) to base 13
82
1 (base 2) to base 13
1
15 (base 7) to base 12
10
Convert 2100 (base 3) to base 5.
223
3 (base 5) to base 9
3
What is 1000 (base 3) in base 8?
33
Convert -23 (base 6) to base 2.
-1111
102 (base 3) to base 10
11
What is -14 (base 10) in base 14?
-10
Convert 3 (base 10) to base 6.
3
What is -1 (base 12) in base 13?
-1
What is -176 (base 15) in base 7?
-660
Convert -23 (base 4) to base 15.
-b
What is -3 (base 8) in base 12?
-3
What is 20 (base 4) in base 10?
8
-2 (base 11) to base 7
-2
Convert -103 (base 9) to base 15.
-59
-17 (base 14) to base 4
-111
Convert 10021 (base 3) to base 6.
224
What is -251 (base 7) in base 2?
-10000110
0 (base 9) to base 6
0
Convert -8 (base 15) to base 13.
-8
Convert 76 (base 14) to base 7.
206
What is 3 (base 4) in base 7?
3
What is 223 (base 9) in base 7?
351
-5 (base 8) to base 12
-5
16 (base 15) to base 4
111
-23 (base 5) to base 13
-10
-2 (base 12) to base 15
-2
What is -30 (base 12) in base 3?
-1100
Convert 24 (base 8) to base 10.
20
What is 30 (base 4) in base 9?
13
What is 146 (base 12) in base 3?
21100
-1001000 (base 2) to base 11
-66
Convert 1 (base 16) to base 8.
1
What is -a2 (base 11) in base 8?
-160
Convert 58 (base 15) to base 16.
53
-2 (base 6) to base 4
-2
10 (base 7) to base 12
7
-38 (base 16) to base 6
-132
22 (base 3) to base 16
8
What is -1 (base 11) in base 4?
-1
-4 (base 12) to base 8
-4
What is 335 (base 8) in base 4?
3131
-24 (base 15) to base 16
-22
Convert 50 (base 6) to base 9.
33
31 (base 11) to base 5
114
Convert 32 (base 4) to base 8.
16
What is a (base 12) in base 2?
1010
-1111 (base 4) to base 5
-320
7 (base 14) to base 16
7
Convert 2 (base 10) to base 3.
2
-79 (base 10) to base 7
-142
What is -8 (base 15) in base 5?
-13
What is 20 (base 12) in base 6?
40
What is -5c (base 15) in base 16?
-57
1 (base 3) to base 4
1
What is -10 (base 9) in base 16?
-9
Convert -37 (base 10) to base 15.
-27
Convert -4 (base 15) to base 10.
-4
Convert 2 (base 16) to base 10.
2
-12 (base 7) to base 16
-9
Convert 2 (base 10) to base 13.
2
What is -16 (base 10) in base 11?
-15
-54 (base 16) to base 4
-1110
What is 2213 (base 4) in base 3?
20012
What is -20 (base 7) in base 4?
-32
1001011 (base 2) to base 7
135
19 (base 10) to base 8
23
Convert -24 (base 7) to base 15.
-13
22 (base 4) to base 8
12
342 (base 9) to base 4
10121
-325 (base 6) to base 3
-11122
What is -81 (base 14) in base 4?
-1301
-5 (base 9) to base 5
-10
What is -22 (base 12) in base 5?
-101
Convert 1003 (base 4) to base 15.
47
What is 1001 (base 2) in base 15?
9
What is 10 (base 2) in base 3?
2
1011 (base 2) to base 12
b
Convert 1233 (base 4) to base 15.
76
Convert -1030 (base 5) to base 13.
-aa
Convert 3 (base 13) to base 16.
3
Convert 63 (base 9) to base 13.
45
What is -100 (base 2) in base 8?
-4
What is -31 (base 6) in base 7?
-25
What is -21 (base 11) in base 8?
-27
3 (base 13) to base 6
3
Convert -1 (base 10) to base 8.
-1
What is 3 (base 5) in base 14?
3
What is 100 (base 3) in base 11?
9
What is -21 (base 12) in base 15?
-1a
What is -3 (base 9) in base 16?
-3
-3 (base 8) to base 16
-3
22 (base 12) to base 11
24
Convert -dc (base 15) to base 14.
-10b
What is -14 (base 14) in base 7?
-24
What is 3 (base 16) in base 7?
3
Convert 18 (base 9) to base 12.
15
43 (base 15) to base 4
333
What is 15 (base 14) in base 8?
23
-3030 (base 4) to base 16
-cc
Convert 3 (base 14) to base 8.
3
3 (base 6) to base 4
3
2 (base 7) to base 15
2
What is 2 (base 13) in base 7?
2
Convert -d (base 15) to base 3.
-111
What is 220 (base 6) in base 3?
10010
Convert 15 (base 15) to base 11.
19
What is -3 (base 4) in base 13?
-3
Convert a9 (base 11) to base 8.
167
-11111 (base 2) to base 9
-34
Convert 104 (base 11) to base 8.
175
-26 (base 13) to base 15
-22
Convert -8 (base 10) to base 14.
-8
Convert -7 (base 15) to base 9.
-7
0 (base 9) to base 11
0
What is 6 (base 8) in base 13?
6
-5 (base 7) to base 11
-5
c1 (base 15) to base 12
131
What is 15 (base 11) in base 13?
13
Convert -4 (base 7) to base 12.
-4
Convert 45 (base 6) to base 15.
1e
-12 (base